er?
True
Is 32920021 composite?
False
Is 147615239 prime?
False
Is 24484409 a prime number?
True
Is 238572107 composite?
True
Is 355531159 a prime number?
False
Is 2371046 a composite number?
True
Is 7181269 prime?
False
Is 9773 a prime number?
False
Is 46991851 a composite number?
True
Is 3516923 composite?
False
Is 18286883 composite?
True
Is 40271213 a composite number?
False
Is 13357667 a composite number?
False
Is 410618293 composite?
False
Is 32008747 a prime number?
True
Is 2726917 prime?
True
Is 5277641 composite?
False
Is 912103 a prime number?
True
Is 46144583 prime?
True
Is 3263279 prime?
False
Is 835789 prime?
True
Is 264528587 a prime number?
True
Is 25226843 a prime number?
True
Is 2012359 a prime number?
False
Is 230683 a prime number?
True
Is 23266543 prime?
False
Is 165203833 a prime number?
True
Is 66043 a composite number?
True
Is 11982071 a prime number?
True
Is 432439453 a composite number?
True
Is 8216801 prime?
True
Is 42613619 a composite number?
True
Is 2518643 a composite number?
False
Is 114479567 prime?
True
Is 224070029 composite?
False
Is 79072007 a prime number?
False
Is 204006311 prime?
False
Is 14099263 prime?
True
Is 1750067 prime?
False
Is 212721793 prime?
True
Is 66044957 a prime number?
False
Is 24014693 composite?
True
Is 15315801 composite?
True
Is 8542751 a prime number?
False
Is 11992649 a prime number?
True
Is 2064037 a prime number?
False
Is 395909 a prime number?
True
Is 2878445 a prime number?
False
Is 801979 prime?
False
Is 31606147 prime?
False
Is 764171 a composite number?
False
Is 3449101 composite?
True
Is 139934573 a prime number?
True
Is 2467201 composite?
True
Is 292343221 composite?
False
Is 131373971 a composite number?
False
Is 2591483 composite?
True
Is 83862001 composite?
False
Is 113912221 a composite number?
False
Is 99233 composite?
False
Is 1638814 composite?
True
Is 2732137 a prime number?
True
Is 2321139 a composite number?
True
Is 133488343 prime?
False
Is 4153447 a composite number?
False
Is 3107303 a prime number?
True
Is 55992499 a composite number?
False
Is 260003 a composite number?
False
Is 17439761 prime?
True
Is 17698495 a composite number?
True
Is 1791745 composite?
True
Is 3795843 a composite number?
True
Is 20352259 composite?
False
Is 539698897 prime?
True
Is 587021 prime?
True
Is 6824239 a composite number?
True
Is 200971 a prime number?
True
Is 14486237 composite?
False
Is 15857861 composite?
False
Is 4324997 composite?
False
Is 1398871 a prime number?
True
Is 76251982 a prime number?
False
Is 70572119 a composite number?
True
Is 7972163 a composite number?
True
Is 15696179 prime?
True
Is 297757 a composite number?
False
Is 273407191 a prime number?
True
Is 47681143 composite?
True
Is 59645881 a prime number?
True
Is 20180843 a prime number?
True
Is 4213399 prime?
False
Is 777667855 prime?
False
Is 131371897 a composite number?
True
Is 21055579 a composite number?
False
Is 296727137 a composite number?
True
Is 197272659 composite?
True
Is 3157703 a prime number?
True
Is 46078681 composite?
True
Is 204224101 a composite number?
False
Is 17800859 a prime number?
True
Is 42789701 a prime number?
True
Is 173689939 prime?
False
Is 26322299 a prime number?
True
Is 6062971 composite?
False
Is 407047 composite?
False
Is 125959 a prime number?
True
Is 18648835 prime?
False
Is 13328353 composite?
False
Is 11798209 composite?
False
Is 13097783 a prime number?
False
Is 4843873 composite?
False
Is 9455623 a prime number?
True
Is 783140543 a composite number?
True
Is 20181943 a composite number?
True
Is 252379123 composite?
False
Is 4264301 prime?
False
Is 35616233 a composite number?
False
Is 107132761 a composite number?
False
Is 99235561 composite?
False
Is 34482803 prime?
False
Is 1059634705 a prime number?
False
Is 9307762 composite?
True
Is 213100157 a composite number?
False
Is 26733319 prime?
True
Is 1621049 a prime number?
True
Is 133617817 prime?
False
Is 79900787 a composite number?
False
Is 113653 a composite number?
True
Is 4569377 prime?
True
Is 2891993 composite?
True
Is 16161149 a composite number?
True
Is 53619791 a composite number?
False
Is 61638842 prime?
False
Is 44832629 a prime number?
True
Is 15727709 prime?
False
Is 109865201 a prime number?
False
Is 90466511 prime?
False
Is 159824911 prime?
True
Is 7240027 prime?
False
Is 13855811 prime?
False
Is 145675283 composite?
True
Is 55588495 a prime number?
False
Is 240579307 a composite number?
False
Is 35397853 composite?
False
Is 43430479 composite?
True
Is 14399887 a prime number?
True
Is 164319223 composite?
True
Is 13257971 a prime number?
True
Is 2562097 a prime number?
True
Is 120322567 prime?
True
Is 371294731 prime?
True
Is 137659663 a prime number?
False
Is 110354914 composite?
True
Is 228707053 composite?
True
Is 2907029 a prime number?
True
Is 1359673 composite?
True
Is 731254 a prime number?
False
Is 20027899 prime?
True
Is 25137607 a prime number?
False
Is 36550157 composite?
True
Is 118434697 prime?
True
Is 14806573 prime?
True
Is 13570903 composite?
False
Is 5868461 a prime number?
True
Is 9814943 prime?
True
Is 786059167 a prime number?
False
Is 6330679 a composite number?
False
Is 835927 a composite number?
False
Is 2360053 prime?
False
Is 14028943 prime?
True
Is 5536487 a composite number?
True
Is 31310947 prime?
True
Is 109741123 a composite number?
True
Is 29548685 prime?
False
Is 618185017 a prime number?
True
Is 107159 composite?
True
Is 11801661 a prime number?
False
Is 1569463 prime?
False
Is 6755227 composite?
False
Is 1181071 a composite number?
True
Is 5937469 prime?
True
Is 17806263 composite?
True
Is 197300201 a prime number?
False
Is 7050853 prime?
False
Is 570493851 a composite number?
True
Is 205636759 prime?
True
Is 21401711 prime?
True
Is 242934449 composite?
False
Is 258785173 composite?
False
Is 67781599 prime?
False
Is 37072337 a composite number?
True
Is 1043047 a prime number?
True
Is 154336379 prime?
True
Is 241715909 a prime number?
False
Is 802421 prime?
True
Is 1724209 prime?
True
Is 10238183 a prime number?
True
Is 2023459 prime?
False
Is 212496355 prime?
False
Is 7502773 prime?
False
Is 11883041 a prime number?
True
Is 56008541 a prime number?
False
Is 9161981 a prime number?
False
Is 3333739 a prime number?
True
Is 13649179 a prime number?
False
Is 55818449 prime?
True
Is 447973 a prime number?
False
Is 8738389 a composite number?
True
Is 2226131 prime?
True
Is 5203639 a prime number?
False
Is 233015729 a prime number?
False
Is 40538543 a prime number?
True
Is 10273331 a composite number?
False
Is 17722363 prime?
True
Is 7544033 composite?
True
Is 145008089 prime?
True
Is 2273251 a prime number?
False
Is 56680571 a composite number?
True
Is 38086441 a prime number?
False
Is 54129539 a composite number?
True
Is 444826943 a prime number?
False
Is 54253009 a prime number?
True
Is 5758469 a prime number?
True
Is 61720271 prime?
True
Is 3938039 composite?
True
Is 4581871 composite?
True
Is 37180933 composite?
False
Is 8161991 prime?
True
Is 3815129 prime?
False
Is 75517549 prime?
True
Is 4311649 composite?
True
Is 44896807 composite?
False
Is 814105 a composite number?
True
Is 1126769 a composite number?
True
Is 341333 a composite number?
False
Is 106275173 a composite number?
False
Is 61180619 a composite number?
True
Is 3057958 a prime number?
False
Is 92096617 a prime number?
True
Is 1827269 a composite number?
False
Is 12245173 composite?
True
Is 7206721 prime?
False
Is 28978441 prime?
True
Is 168775835 a prime number?
False
Is 6398071 a composite number?
True
Is 1561069 a prime number?
True
Is 55997989 composite?
False
Is 13687214 a prime number?
False
Is 12168967 a prime number?
False
Is 511757 prime?
True
Is 48211271 composite?
False
Is 1025589 composite?
True
Is 1167247 composite?
True
Is 1988367587 composite?
False
Is 5212507 a prime number?
True
Is 63947 a composite number?
True
Is 154143047 a composite number?
True
Is 199187 prime?
False
Is 36786989 prime?
True
Is 19307929 a composite number?
True
Is 681167 a composite number?
False
Is 56120567 a prime number?
True
Is 584987513 prime?
False
Is 11498251 a composite number?
False
Is 14059 composite?
True
Is 5740873 prime?
True
Is 4199177 composite?
False
Is 3397877 prime?
False
Is 12450847 a composite numb